15
Calculate the remainder when 11205/(-996)*-26*2 is divided by 183.
36
Suppose -3*u = y - 24 + 20, -24 = 4*y + 2*u. Calculate the remainder when 84 is divided by (-4)/y - (-495)/22.
15
Let y = -165 + 319. Let g = y + -218. Let m = -54 - g. Calculate the remainder when 25 is divided by m.
5
Let u = -2341 + 2347. Suppose 3*c - 19 = -4. Suppose -5*m + 55 = 2*l - 62, c*l + 41 = 2*m. What is the remainder when m is divided by u?
5
Let y = -52 - -56. Suppose 0 = u - 2*u + 4*s - 29, -s = -y*u - 101. Let d = 1 - u. Calculate the remainder when d is divided by 6.
2
Calculate the remainder when ((-45)/27)/(450/(-52380)) is divided by (50/6)/(1/3).
19
Suppose 52*w + 1521 = 8177. What is the remainder when w is divided by 78?
50
Let h = 638 + -629. Calculate the remainder when 0/(-87) - (h*13)/(-1) is divided by 17.
15
Let b be ((-798)/56)/(3*(-1)/8). Suppose -b*l + 20*l + 108 = 0. Calculate the remainder when 21 is divided by l.
3
Suppose -11*j + 3*j + 5076 = 10*j. Calculate the remainder when 2539 is divided by j.
1
Suppose g + 10*u - 41 = 6*u, 5*g - 2*u - 73 = 0. Calculate the remainder when 6253 is divided by g.
14
Let w = 1702 + -1675. Calculate the remainder when 643 is divided by w.
22
Let c(d) = 46*d - 114. Calculate the remainder when c(32) is divided by 10.
8
Let k(c) = c**3 + 178*c**2 + 523*c + 1143. What is the remainder when k(-175) is divided by 310?
253
Calculate the remainder when 1747 is divided by (63/84)/(2550/848 - 3).
51
Suppose 2*t - 25 = -3*t + 3*r, 0 = t - r - 7. Suppose 2*w = -4*k + 56 + 34, -2*k + 3*w + 49 = 0. Calculate the remainder when k is divided by t.
1
Let n(i) = i**3 - 27*i**2 + 29*i - 43. Let k be n(26). Let h = k + -33. Calculate the remainder when 127 is divided by (4/(-6))/(h/(-39)).
10
Let x be 185/(-10)*(-8)/(-2). Let h = x - -77. Suppose j - 224 = -5*f, h*j - 220 = -5*f - 2*j. What is the remainder when f is divided by 16?
13
Let x = 123 - 122. Calculate the remainder when 71 is divided by (1/(9/(-6)))/(x/(-9)).
5
Suppose -4*r - d = -20074, 4*r = -2*d + 5824 + 14252. Calculate the remainder when r is divided by 54.
50
Let x be 7 + (-1 + -1 - 2)/(-2). Let s(m) = 2*m**2 + 3*m + 33. What is the remainder when s(x) is divided by 32?
30
Suppose -144*r = 472 - 1912. Let d(f) = 2*f**2 - 6*f + 7. Calculate the remainder when d(-5) is divided by r.
7
Let h(o) = -8*o**3 - 22*o**2 + 8*o - 183. Suppose s - 13 = 2*w, 3*s - 5*w - 26 - 17 = 0. What is the remainder when h(-5) is divided by s?
17
Calculate the remainder when (-60)/45*195/(-4) is divided by 18.
11
Let u = -9590 + 9910. What is the remainder when u is divided by 89?
53
Let j be ((-3)/9*1)/((-1)/966). Let x = j + -319. Calculate the remainder when 4 is divided by x.
1
Suppose 96*p - 1977 - 1562 = 1549. Calculate the remainder when 1633 is divided by p.
43
Suppose 0 = -z, -4*w - 471 = -3*z - 2895. What is the remainder when w is divided by 74?
14
Let y be 3/(-8) + (-77)/8. Calculate the remainder when (664/40)/(18/y - -2) is divided by 11.
6
Suppose -4*r = 2*f + 40, -21 = f + 3*r - 0*r. Let d = f + 31. Suppose 2*g = -b + 102 + d, 3*g - 3*b = 177. Calculate the remainder when g is divided by 12.
10
Let i(x) = -x**3 - 45*x**2 - 54*x - 14. Let w be i(-44). Suppose -2*q = 4*l + 58 - 498, 4*l - 5*q = w. Calculate the remainder when l is divided by 10.
9
Let u(o) = o**2 - 5*o + 2. Let w be u(5). Suppose -153 = 23*l - 14*l - 26*l. Calculate the remainder when l is divided by w*3/(-12)*-10.
4
Suppose -14 = -i - 211. Let l = i - -280. Calculate the remainder when l is divided by 22.
17
Suppose -42 + 483 = 7*b. Suppose 0 = -4*n + 5*n, 3*p = -5*n + b. Suppose -22*y + p*y = -33. What is the remainder when 63 is divided by y?
30
Suppose -3*l + 10*l - 23*l = -61728. What is the remainder when l is divided by 138?
132
Let v = 180 - 174. Let j(c) = -c**3 + 4*c**2 + 14*c + 4. What is the remainder when 175 is divided by j(v)?
15
What is the remainder when 1750 is divided by ((-26)/22 - -5 - 4) + (-4116)/(-132)?
14
Let g(y) = 702*y**3 - 4*y**2 + 11*y - 15. Calculate the remainder when g(2) is divided by 11.
8
Suppose 2*i = -5*j - 0*i + 191, 12 = 4*i. Let s = 130 + -112. Let m(a) = a**2 - 19*a + 24. What is the remainder when j is divided by m(s)?
1
Suppose 3*x - l = 32, -27 = 46*x - 47*x - 2*l. Suppose r - 2 = 73. Calculate the remainder when r is divided by x.
10
Suppose 0 = -2*j + 33 - 13. Suppose 0*w - j*w = -30. What is the remainder when 73 is divided by (-10)/w*((-135)/(-6))/(-3)?
23
Let s(y) = -27*y + 0 + 7*y + 1 - 2. Let v(g) = -285*g - 1313. Calculate the remainder when v(-5) is divided by s(-1).
17
Suppose 1567 + 871 = 4*n + 2*o, 0 = 5*n - 2*o - 3016. Calculate the remainder when n is divided by 257.
92
Let n = 1 + 8. Suppose 8*g - 34 = -90. Let y(h) = h**3 + 5*h**2 - 21*h + 12. Calculate the remainder when y(g) is divided by n.
7
Let r = 71 - -12. What is the remainder when r is divided by 1/9 - 212*(-3)/108?
5
Let m(z) = 2*z**2 - 28*z - 309. What is the remainder when 1547 is divided by m(22)?
42
Let t = 5870 - 5802. Suppose u = -u + 5*r + 375, 0 = u + r - 205. What is the remainder when u is divided by t?
64
Let d(q) = q**3 + 19*q**2 + 9*q + 1001. What is the remainder when 859 is divided by d(-20)?
17
Let b be (-116)/87*(-18)/(-4). What is the remainder when 16 is divided by b/(-2) - (3 + -9)?
7
Suppose -4*v = 3*n - 142, -2*n + 8*n - 5*v = 310. Let x = 5 + -8. Let u = n + x. Calculate the remainder when 184 is divided by u.
43
Suppose -78 = -w - t, -80 - 67 = -2*w - 5*t. Suppose 0 = -33*n - w + 1005. What is the remainder when 87 is divided by n?
3
Let l(c) = -c**3 + 5*c**2 - 23*c + 14. Let f be l(-22). Suppose f - 5418 = 38*h. Calculate the remainder when h is divided by 8.
7
Let m = 431 + -269. Suppose -43*l - 15*l = 0. Suppose l = -18*w + 12*w + m. Calculate the remainder when w is divided by 11.
5
Suppose -4*b - 4 = -4*j - 64, -5*j = -4*b + 59. Suppose -6*i + 50 = -b. Calculate the remainder when ((-42)/5)/(7/(-35)) is divided by i.
9
Let x(p) = p**2 + 71*p + 419. Let c = -122 + 234. What is the remainder when c is divided by x(-65)?
25
Calculate the remainder when 2*((-4)/(-5) - ((-269181)/110)/3) is divided by 57.
37
Calculate the remainder when 58 is divided by (-25 - -57)/((-3)/((-6)/4)).
10
Let g(c) = 8*c - 2. Let q be g(1). Let w be q/8 + (-6300)/(-48). Suppose 0 = -5*j + 2*j + w. What is the remainder when j is divided by 12?
8
Suppose 80 = 8*b - 64. Suppose 3500 = o + 6*o. Calculate the remainder when o/15 + 3/(-9) is divided by b.
15
Calculate the remainder when 1218 is divided by (-2)/(-4) - 4947/(-194).
22
Let j = -177 + 356. Let x = -2047 - -1970. Let i = j + x. Calculate the remainder when i is divided by 21.
18
Let r(a) = -50*a**3 + 4*a**2 - 6*a - 5. Let y be r(3). What is the remainder when (-6)/9*(-5 + y/14) is divided by 12?
7
Let d = 35 - 28. Let t = -16846 - -16868. What is the remainder when t is divided by d?
1
Suppose -3*w + 228 = -7*w. Let v = w + 94. Suppose 0 = -3*q - 5*c + 192 + 11, 0 = 2*q - c - 144. Calculate the remainder when q is divided by v.
34
Let y = -3155 + 5796. Calculate the remainder when y is divided by 5.
1
Suppose 70 + 5 = 3*p. Let w(q) = 362*q + 156794. Calculate the remainder when w(-433) is divided by p.
23
Suppose 9616 = 123*z - 144*z + 622*z. Let n be (-4)/6*585/3. Let h = 218 + n. What is the remainder when h is divided by z?
8
Suppose -41 = -4*v - 3*w, 9*v = 13*v - 2*w - 66. Calculate the remainder when 2392 is divided by v.
12
Suppose 2015 = 5*o + 3*y, -12*o + 5*y + 4836 = y. Calculate the remainder when o is divided by 73.
38
Suppose 262 = 2*c - 4*j, 177 + 222 = 3*c - 4*j. What is the remainder when 2738 is divided by c?
135
Let g = 387 - 385. Suppose x - 42 = 10*u - 11*u, 0 = -g*u. What is the remainder when x is divided by 31?
11
Let t(v) = v**3 + 32*v**2 + 21*v + 16. Let a be t(-31). Let o = 385 - a. Calculate the remainder when o is divided by 3.
2
Suppose -10*f - 199 = -829. Let a = 67 - f. Calculate the remainder when (a + -1)/(-3) - -21 is divided by 6.
2
Let x(t) = 198*t + 401. Calculate the remainder when x(-2) is divided by 5.
0
Suppose -25*v - 62*v = -43247 - 13999. Calculate the remainder when v is divided by 61.
48
Let o be (-12)/(-54) + (2 - (-156)/27). Suppose 6*x + o*x = 406. What is the remain